te number?
True
Is 945982883 a prime number?
True
Is 1085578963 a prime number?
False
Is 42462791257 a composite number?
False
Is 27211790891 a composite number?
False
Is 141891691501 a composite number?
True
Is 66356314547 prime?
True
Is 8049209359 a composite number?
True
Is 2038999751 a composite number?
True
Is 218180121969 a prime number?
False
Is 885610211 prime?
True
Is 46973915743 a prime number?
True
Is 44757270185 a composite number?
True
Is 65101343683 prime?
True
Is 340264489 a composite number?
True
Is 262486207 composite?
True
Is 274167913 a prime number?
True
Is 8185577201 a composite number?
False
Is 5015829083 a prime number?
True
Is 37099975151 prime?
True
Is 2078049989 a prime number?
True
Is 4044228053 a prime number?
True
Is 33673230517 a prime number?
True
Is 8014965473 a composite number?
False
Is 776127187 composite?
True
Is 2375806259 a composite number?
True
Is 297013907 a prime number?
True
Is 6578162761 a composite number?
False
Is 15942311239 composite?
True
Is 5439847747 prime?
True
Is 749548379 a prime number?
True
Is 23834390479 prime?
True
Is 533421211 a composite number?
False
Is 37421876707 a composite number?
False
Is 213319805 composite?
True
Is 5226247799 composite?
True
Is 28041127 a composite number?
False
Is 9017585789 a composite number?
False
Is 14189057 composite?
False
Is 777867941 composite?
False
Is 5096334901 composite?
True
Is 1323531427 composite?
False
Is 4553958679 composite?
False
Is 1997984717 composite?
True
Is 677140647 a composite number?
True
Is 1431248691 prime?
False
Is 4673157019 a composite number?
True
Is 514870620481 composite?
True
Is 180921442589 prime?
False
Is 186169735 prime?
False
Is 1921062709 a composite number?
True
Is 600527537 prime?
False
Is 713972309 a composite number?
False
Is 1823669503 prime?
False
Is 6035002273 composite?
False
Is 963697621 a composite number?
False
Is 11553958594 a prime number?
False
Is 2025029161 a prime number?
True
Is 2642690683 a composite number?
False
Is 23364722873 a prime number?
True
Is 1379437819 composite?
True
Is 175786315607 a composite number?
True
Is 3914727485 prime?
False
Is 18557481463 composite?
False
Is 11302304389 a composite number?
True
Is 690610031 prime?
False
Is 385517297 a composite number?
True
Is 69170124377 a composite number?
True
Is 5797560919 a composite number?
False
Is 11253795934 composite?
True
Is 6735949747 prime?
True
Is 31575460129 composite?
False
Is 1153694167 composite?
True
Is 93010502783 composite?
True
Is 114946553 composite?
False
Is 4150347601 composite?
False
Is 3422444185 composite?
True
Is 16855707673 composite?
True
Is 2720503241 composite?
True
Is 3421917937 a composite number?
False
Is 888066619 composite?
True
Is 1983129983 prime?
False
Is 83407295999 a composite number?
False
Is 1868993177 prime?
True
Is 148913894443 prime?
True
Is 21063494141 a prime number?
True
Is 1404613667 composite?
False
Is 903984047 composite?
True
Is 126629872027 a prime number?
True
Is 509536633 a prime number?
True
Is 1688214343 a prime number?
False
Is 797430581 a composite number?
False
Is 2961429311 a composite number?
False
Is 3152689783 prime?
False
Is 198460351877 a prime number?
True
Is 428842801 a prime number?
False
Is 25145539 prime?
True
Is 2315595743 a composite number?
False
Is 286611007 a composite number?
True
Is 8994184591 prime?
False
Is 264569197631 composite?
False
Is 14577715039 prime?
False
Is 58368787 composite?
False
Is 933894293 a prime number?
True
Is 492254599 a composite number?
True
Is 124375337 a prime number?
True
Is 14467296511 composite?
True
Is 20098510541 a prime number?
True
Is 259735669 a composite number?
True
Is 5211379139 a prime number?
True
Is 9763657213 prime?
False
Is 5913847853 a prime number?
False
Is 11536075687 prime?
True
Is 60001931863 a prime number?
False
Is 14337152299 prime?
True
Is 2535468511 prime?
False
Is 22897252163 a prime number?
False
Is 476502053 composite?
False
Is 1305083321 a composite number?
False
Is 124430708543 composite?
True
Is 34195085239 composite?
True
Is 61317848413 a composite number?
False
Is 70721635 prime?
False
Is 19359529327 a composite number?
False
Is 148485705733 composite?
False
Is 3640166791 composite?
False
Is 2763876163 a composite number?
False
Is 1063137819 composite?
True
Is 11115847331 a composite number?
True
Is 58145907067 a composite number?
False
Is 5925284683 a composite number?
True
Is 5954361827 a composite number?
False
Is 70849741 prime?
False
Is 11683703771 composite?
True
Is 3815469547 prime?
True
Is 80711697149 composite?
False
Is 2914407401 a prime number?
True
Is 287188177 a composite number?
False
Is 32079164357 prime?
False
Is 5885189 a prime number?
True
Is 2325571951 a composite number?
True
Is 11546065463 a composite number?
True
Is 110925606007 a composite number?
True
Is 52502956369 prime?
False
Is 1158536905 composite?
True
Is 469286107 composite?
False
Is 661452863 composite?
True
Is 13409508131 prime?
True
Is 415752343 a composite number?
False
Is 14766051299 prime?
True
Is 1016483021 composite?
False
Is 124467953 a composite number?
False
Is 14484013729 composite?
False
Is 26888921 prime?
True
Is 70490723527 composite?
True
Is 6718560143 a prime number?
True
Is 4530884917 a prime number?
False
Is 697025597 composite?
True
Is 12141331817 a prime number?
True
Is 1100869277 a prime number?
True
Is 30665596867 prime?
False
Is 7673090933 composite?
False
Is 67382667727 prime?
True
Is 61202699 a composite number?
True
Is 27570450949 composite?
False
Is 673563799 a composite number?
True
Is 11667380009 prime?
True
Is 906554659 a composite number?
True
Is 1792656011 a composite number?
False
Is 4341429347 composite?
False
Is 15544981857 prime?
False
Is 113881788347 a composite number?
False
Is 6401459521 a composite number?
True
Is 45264608661 a prime number?
False
Is 234441563 a prime number?
True
Is 14547515159 prime?
False
Is 8422227953 prime?
True
Is 2197651277 prime?
True
Is 60848080411 composite?
False
Is 188862353 composite?
False
Is 31790553611 a prime number?
True
Is 81136417811 prime?
True
Is 768339331 a prime number?
True
Is 36580593299 a composite number?
False
Is 49611492773 a composite number?
False
Is 988045883 prime?
False
Is 478583506 a prime number?
False
Is 361902887 composite?
False
Is 1123051681 a composite number?
False
Is 96035485681 a prime number?
True
Is 290066531 prime?
True
Is 3932299739 composite?
False
Is 19959627059 composite?
True
Is 12229487363 a composite number?
False
Is 55087362641 prime?
False
Is 1691453521 a prime number?
True
Is 34377570101 composite?
True
Is 14476792263 a prime number?
False
Is 6341335283 composite?
True
Is 864631561 a composite number?
False
Is 400846151 a composite number?
True
Is 451781293 a composite number?
False
Is 583626419 a prime number?
False
Is 4478718873 a composite number?
True
Is 10232683079 a prime number?
True
Is 1077079 prime?
True
Is 371399891 a composite number?
False
Is 10622542949 prime?
False
Is 4045052243 a prime number?
True
Is 44074241479 a composite number?
False
Is 2832208221 composite?
True
Is 192898126459 composite?
True
Is 12137799601 a composite number?
False
Is 3575718017 a prime number?
True
Is 456513593 prime?
True
Is 94564288321 a prime number?
True
Is 3140073647 a composite number?
False
Is 11624620487 prime?
True
Is 34368653567 a prime number?
True
Is 1213899541 a composite number?
True
Is 9422911711 prime?
False
Is 2608336531 a composite number?
True
Is 2119921651 composite?
False
Is 19317825271 a prime number?
False
Is 4495147919 composite?
False
Is 5870711299 prime?
True
Is 200483093 a composite number?
False
Is 244978355 a composite number?
True
Is 15685216307 prime?
True
Is 1289125921 a prime number?
False
Is 236304821 a prime number?
True
Is 748207123 a composite number?
False
Is 4619272237 prime?
True
Is 497740213 prime?
False
Is 3676009459 composite?
True
Is 6779121 composite?
True
Is 23892093037 composite?
False
Is 9940447559 prime?
False
Is 110650076041 a prime number?
True
Is 66970262039 a composite number?
False
Is 36130059787 prime?
True
Is 128452038431 a prime number?
True
Is 2366615921 a composite number?
False
Is 5137047431 prime?
False
Is 1181082037 composite?
True
Is 801640297 prime?
False
